{"id":2281,"date":"2025-12-11T04:04:44","date_gmt":"2025-12-11T03:04:44","guid":{"rendered":"https:\/\/delemont.adventiste.ch\/?page_id=2281"},"modified":"2025-12-16T17:38:56","modified_gmt":"2025-12-16T16:38:56","slug":"qui-sommes-nous","status":"publish","type":"page","link":"https:\/\/delemont.adventiste.ch\/?page_id=2281","title":{"rendered":"Qui sommes-nous ?"},"content":{"rendered":"\n<figure class=\"wp-block-image size-full is-resized\"><img loading=\"lazy\" decoding=\"async\" width=\"470\" height=\"195\" src=\"https:\/\/delemont.adventiste.ch\/wp-content\/uploads\/2025\/12\/Jesus.jpg\" alt=\"\" class=\"wp-image-2292\" style=\"aspect-ratio:2.4103299856527975;width:720px;height:auto\" srcset=\"https:\/\/delemont.adventiste.ch\/wp-content\/uploads\/2025\/12\/Jesus.jpg 470w, https:\/\/delemont.adventiste.ch\/wp-content\/uploads\/2025\/12\/Jesus-300x124.jpg 300w\" sizes=\"auto, (max-width: 470px) 100vw, 470px\" \/><\/figure>\n\n\n\n<h1 class=\"wp-block-heading\"><strong>Description<\/strong><\/h1>\n\n\n\n<p>L\u2019\u00c9glise Adventiste du Septi\u00e8me Jour est une communaut\u00e9 chr\u00e9tienne qui place J\u00e9sus-Christ au centre de sa foi et de sa vie. Nous croyons en un Dieu d\u2019amour qui se r\u00e9v\u00e8le \u00e0 travers la Bible, et nous aspirons \u00e0 vivre chaque jour selon son message d\u2019esp\u00e9rance, de bienveillance et de paix.<\/p>\n\n\n\n<p>Notre nom \u201cAdventiste\u201d exprime notre conviction que J\u00e9sus reviendra, comme il l\u2019a promis, pour restaurer pleinement le monde et offrir la vie \u00e9ternelle \u00e0 tous ceux qui l\u2019attendent. En vivant cette esp\u00e9rance, nous souhaitons \u00eatre des t\u00e9moins de lumi\u00e8re au c\u0153ur de notre soci\u00e9t\u00e9.<\/p>\n\n\n\n<p>Nous croyons \u00e0 l\u2019importance :<\/p>\n\n\n\n<ul class=\"wp-block-list\">\n<li><strong>De la Bible<\/strong> comme Parole inspir\u00e9e de Dieu, guide s\u00fbr pour marcher dans la v\u00e9rit\u00e9.<\/li>\n\n\n\n<li><strong>Du sabbat<\/strong>, un jour de repos et de communion avec Dieu, c\u00e9l\u00e9br\u00e9 du vendredi soir au samedi soir.<\/li>\n\n\n\n<li><strong>D\u2019un style de vie sain<\/strong>, respectueux de notre corps et de la Cr\u00e9ation.<\/li>\n\n\n\n<li><strong>De la pri\u00e8re, de la solidarit\u00e9 et du service<\/strong>, qui manifestent l\u2019amour du Christ pour chacun.<\/li>\n\n\n\n<li><strong>Du salut par gr\u00e2ce<\/strong>, offert par J\u00e9sus \u00e0 tous ceux qui mettent leur confiance en lui.<\/li>\n<\/ul>\n\n\n\n<p>Notre \u00e9glise se veut <strong>un lieu d\u2019accueil, de gu\u00e9rison et de fraternit\u00e9<\/strong>, o\u00f9 chacun peut trouver un espace pour grandir spirituellement, poser ses questions, prier, se reconstruire, et cheminer avec Dieu \u00e0 son rythme.<\/p>\n\n\n\n<p>Que vous soyez croyant, en recherche, ou simplement curieux, <strong>vous \u00eates les bienvenus parmi nous<\/strong>.<br>Nous d\u00e9sirons refl\u00e9ter l\u2019amour du Christ \u00e0 travers des relations authentiques, un esprit de service, et un t\u00e9moignage d\u2019esp\u00e9rance pour notre communaut\u00e9.<\/p>\n\n\n\n<hr class=\"wp-block-separator has-alpha-channel-opacity\"\/>\n\n\n\n<h1 class=\"wp-block-heading\"><strong>Aujourd\u2019hui<\/strong> ?<\/h1>\n\n\n\n<p>L\u2019\u00c9glise adventiste est pr\u00e9sente dans <strong>plus de 200 pays<\/strong>, avec :<\/p>\n\n\n\n<ul class=\"wp-block-list\">\n<li>un vaste r\u00e9seau d\u2019\u00e9coles et d\u2019universit\u00e9s,<\/li>\n\n\n\n<li>des h\u00f4pitaux et cliniques,<\/li>\n\n\n\n<li>des ONG humanitaires (comme ADRA),<\/li>\n\n\n\n<li>des m\u00e9dias et projets missionnaires.<\/li>\n<\/ul>\n\n\n\n<p>Son message reste le m\u00eame :<br><strong>suivre J\u00e9sus, soulager la souffrance, annoncer l\u2019esp\u00e9rance.<\/strong><\/p>\n\n\n<div class=\"wp-block-image\">\n<figure class=\"alignleft size-full is-resized\"><img loading=\"lazy\" decoding=\"async\" width=\"650\" height=\"234\" src=\"https:\/\/delemont.adventiste.ch\/wp-content\/uploads\/2025\/12\/site-qui-sommes-nous.jpg\" alt=\"\" class=\"wp-image-2308\" style=\"aspect-ratio:2.7779117434289846;width:720px;height:auto\" srcset=\"https:\/\/delemont.adventiste.ch\/wp-content\/uploads\/2025\/12\/site-qui-sommes-nous.jpg 650w, https:\/\/delemont.adventiste.ch\/wp-content\/uploads\/2025\/12\/site-qui-sommes-nous-300x108.jpg 300w\" sizes=\"auto, (max-width: 650px) 100vw, 650px\" \/><\/figure>\n<\/div>\n\n\n<p><\/p>\n\n\n\n<figure class=\"wp-block-embed is-type-video is-provider-youtube wp-block-embed-youtube wp-embed-aspect-16-9 wp-has-aspect-ratio\"><div class=\"wp-block-embed__wrapper\">\n<iframe loading=\"lazy\" title=\"Mission de l&#039;\u00c9glise adventiste\" width=\"720\" height=\"405\" src=\"https:\/\/www.youtube.com\/embed\/1oVQX2CbZg8?feature=oembed\" frameborder=\"0\" allow=\"accelerometer; autoplay; clipboard-write; encrypted-media; gyroscope; picture-in-picture; web-share\" referrerpolicy=\"strict-origin-when-cross-origin\" allowfullscreen><\/iframe>\n<\/div><\/figure>\n","protected":false},"excerpt":{"rendered":"<p>Description L\u2019\u00c9glise Adventiste du Septi\u00e8me Jour est une communaut\u00e9 chr\u00e9tienne qui place J\u00e9sus-Christ au centre de sa foi et de sa vie. Nous croyons en un Dieu d\u2019amour qui se r\u00e9v\u00e8le \u00e0 travers la Bible, et nous aspirons \u00e0 vivre chaque jour selon son message d\u2019esp\u00e9rance, de bienveillance et de paix. Notre nom \u201cAdventiste\u201d exprime [&hellip;]<\/p>\n","protected":false},"author":4,"featured_media":0,"parent":0,"menu_order":0,"comment_status":"closed","ping_status":"closed","template":"","meta":{"footnotes":""},"class_list":["post-2281","page","type-page","status-publish","hentry","post"],"_links":{"self":[{"href":"https:\/\/delemont.adventiste.ch\/index.php?rest_route=\/wp\/v2\/pages\/2281","targetHints":{"allow":["GET"]}}],"collection":[{"href":"https:\/\/delemont.adventiste.ch\/index.php?rest_route=\/wp\/v2\/pages"}],"about":[{"href":"https:\/\/delemont.adventiste.ch\/index.php?rest_route=\/wp\/v2\/types\/page"}],"author":[{"embeddable":true,"href":"https:\/\/delemont.adventiste.ch\/index.php?rest_route=\/wp\/v2\/users\/4"}],"replies":[{"embeddable":true,"href":"https:\/\/delemont.adventiste.ch\/index.php?rest_route=%2Fwp%2Fv2%2Fcomments&post=2281"}],"version-history":[{"count":9,"href":"https:\/\/delemont.adventiste.ch\/index.php?rest_route=\/wp\/v2\/pages\/2281\/revisions"}],"predecessor-version":[{"id":2365,"href":"https:\/\/delemont.adventiste.ch\/index.php?rest_route=\/wp\/v2\/pages\/2281\/revisions\/2365"}],"wp:attachment":[{"href":"https:\/\/delemont.adventiste.ch\/index.php?rest_route=%2Fwp%2Fv2%2Fmedia&parent=2281"}],"curies":[{"name":"wp","href":"https:\/\/api.w.org\/{rel}","templated":true}]}}